hen 14874 is divided by 13974?
900
Calculate the remainder when 167468125 is divided by 2317.
2316
What is the remainder when 1337640 is divided by 3779?
3653
What is the remainder when 29038563 is divided by 18?
9
What is the remainder when 18705001 is divided by 219?
211
What is the remainder when 9214927 is divided by 461?
459
Calculate the remainder when 1124635554 is divided by 97.
94
What is the remainder when 6073630 is divided by 679?
654
Calculate the remainder when 10700249 is divided by 74.
71
What is the remainder when 5938112 is divided by 79?
77
What is the remainder when 56524 is divided by 4663?
568
What is the remainder when 72025 is divided by 1167?
838
What is the remainder when 8271808 is divided by 21?
13
What is the remainder when 23445472 is divided by 1474?
28
Calculate the remainder when 1849091 is divided by 220.
211
Calculate the remainder when 1005125 is divided by 1811.
20
Calculate the remainder when 82969 is divided by 27107.
1648
Calculate the remainder when 283319 is divided by 198.
179
What is the remainder when 313394754 is divided by 630?
624
What is the remainder when 231019 is divided by 3671?
3417
Calculate the remainder when 9681990 is divided by 172.
110
Calculate the remainder when 218153 is divided by 11.
1
Calculate the remainder when 4130791 is divided by 20.
11
What is the remainder when 38954 is divided by 4469?
3202
What is the remainder when 142370 is divided by 678?
668
What is the remainder when 4188550 is divided by 4?
2
Calculate the remainder when 4239848 is divided by 528.
8
Calculate the remainder when 1079071 is divided by 121.
114
What is the remainder when 83881768 is divided by 38?
36
Calculate the remainder when 1354054 is divided by 734.
558
What is the remainder when 1212587 is divided by 1308?
71
Calculate the remainder when 774851 is divided by 129104.
227
Calculate the remainder when 99027 is divided by 1718.
1101
What is the remainder when 690117 is divided by 345053?
11
Calculate the remainder when 9763823 is divided by 2440939.
67
Calculate the remainder when 140385 is divided by 435.
315
What is the remainder when 1615043 is divided by 6188?
6163
What is the remainder when 587807418 is divided by 117561482?
8
What is the remainder when 301993 is divided by 100559?
316
What is the remainder when 281206643 is divided by 4?
3
Calculate the remainder when 1209943 is divided by 24.
7
Calculate the remainder when 563820 is divided by 10068.
12
What is the remainder when 2835574 is divided by 567099?
79
What is the remainder when 5202512 is divided by 261?
260
Calculate the remainder when 720357 is divided by 2121.
1338
Calculate the remainder when 44675 is divided by 2979.
2969
Calculate the remainder when 58397588 is divided by 2291.
2289
What is the remainder when 1553367 is divided by 352?
343
What is the remainder when 17861815 is divided by 149?
142
Calculate the remainder when 25120 is divided by 1491.
1264
Calculate the remainder when 221819 is divided by 110902.
15
Calculate the remainder when 1091743 is divided by 6739.
25
What is the remainder when 6887227 is divided by 2295709?
100
Calculate the remainder when 103322 is divided by 3201.
890
What is the remainder when 517724 is divided by 34495?
299
Calculate the remainder when 5775098 is divided by 360942.
26
Calculate the remainder when 82000 is divided by 147.
121
What is the remainder when 4117767 is divided by 135?
132
Calculate the remainder when 908141 is divided by 8903.
35
Calculate the remainder when 9136494 is divided by 211.
194
What is the remainder when 14723404 is divided by 161?
115
What is the remainder when 675179 is divided by 53?
12
Calculate the remainder when 14334546 is divided by 2067.
1968
What is the remainder when 46885373 is divided by 558?
539
What is the remainder when 3760893 is divided by 332?
329
Calculate the remainder when 570117 is divided by 75.
42
Calculate the remainder when 146141 is divided by 2231.
1126
Calculate the remainder when 4713935 is divided by 1.
0
What is the remainder when 5452376 is divided by 5452326?
50
What is the remainder when 59783 is divided by 1541?
1225
Calculate the remainder when 229021 is divided by 3765.
3121
What is the remainder when 97692618 is divided by 185?
38
What is the remainder when 115554 is divided by 114593?
961
Calculate the remainder when 41976 is divided by 3459.
468
Calculate the remainder when 737744 is divided by 132.
128
What is the remainder when 434302 is divided by 20536?
3046
Calculate the remainder when 2205300 is divided by 362.
358
What is the remainder when 1457003 is divided by 339?
320
Calculate the remainder when 347154 is divided by 23139.
69
Calculate the remainder when 11144 is divided by 5105.
934
What is the remainder when 223791 is divided by 55296?
2607
Calculate the remainder when 78075 is divided by 15609.
30
What is the remainder when 194387327 is divided by 545?
542
What is the remainder when 76220 is divided by 2852?
2068
What is the remainder when 2562 is divided by 279?
51
What is the remainder when 10065686 is divided by 3355227?
5
What is the remainder when 65736013 is divided by 273900?
13
What is the remainder when 4106764 is divided by 1761?
112
What is the remainder when 13738080 is divided by 25?
5
Calculate the remainder when 950040 is divided by 998.
942
What is the remainder when 944638 is divided by 6134?
2
What is the remainder when 17022 is divided by 7770?
1482
Calculate the remainder when 829037 is divided by 4548.
1301
Calculate the remainder when 41542 is divided by 41209.
333
What is the remainder when 470469 is divided by 4237?
162
Calculate the remainder when 7572124 is divided by 104.
92
Calculate the remainder when 204649 is divided by 138.
133
Calculate the remainder when 3975505 is divided by 331291.
13
Calculate the remainder when 8448929 is divided by 112652.
29
Calculate the remainder when 706057 is divided by 100865.
2
Calculate the remainder when 690773 is divided by 344135.
2503
Calculate the remainder when 15580700 is divided by 1209.
317
What is the remainder when 7429300 is divided by 297170?
50
What is the remainder when 192524386 is divided by 2958?
2956
What is the remainder when 6315910 is divided by 1578970?
30
What is the remainder when 268082 is divided by 258?
20
Calculate the remainder when 7933181 is divided by 2907.
2885
Calculate the remainder when 352937 is divided by 352913.
24
What is the remainder when 380666 is divided by 13577?
510
Calculate the remainder when 340041 is divided by 7728.
9
What is the remainder when 8827724 is divided by 80?
44
What is the remainder when 11020024 is divided by 18?
10
What is the remainder when 158951 is divided by 638?
89
What is the remainder when 259541 is divided by 369?
134
What is the remainder when 69786 is divided by 11629?
12
Calculate the remainder when 292120 is divided by 292062.
58
Calculate the remainder when 18023883 is divided by 221.
7
Calculate the remainder when 8915522 is divided by 932.
10
What is the remainder when 6877749 is divided by 844?
837
Calculate the remainder when 1403893 is divided by 18232.
29
What is the remainder when 28625190 is divided by 57?
18
Calculate the remainder when 13345803 is divided by 867.
72
What is the remainder when 54590770 is divided by 3449?
3447
What is the remainder when 15227320 is divided by 38?
36
Calculate the remainder when 35581116 is divided by 132.
120
What is the remainder when 2506308 is divided by 23423?
47
What is the remainder when 875006 is divided by 67?
53
What is the remainder when 249326 is divided by 2083?
1449
What is the remainder when 2779936 is divided by 821?
30
Calculate the remainder when 221931 is divided by 2168.
795
What is the remainder when 10858812 is divided by 766?
762
Calculate the remainder when 41321563 is divided by 8946.
8935
Calculate the remainder when 53905 is divided by 17893.
226
What is the remainder when 61504 is divided by 227?
214
Calculate the remainder when 263458 is divided by 281.
161
Calculate the remainder when 128050 is divided by 18.
16
What is the remainder when 512577 is divided by 1060?
597
What is the remainder when 1799449 is divided by 69206?
93
Calculate the remainder when 824429 is divided by 205422.
274